{"id":306,"date":"2014-09-30T10:17:03","date_gmt":"2014-09-30T08:17:03","guid":{"rendered":"https:\/\/fv-vilseck.de\/?page_id=306"},"modified":"2026-03-10T19:10:06","modified_gmt":"2026-03-10T17:10:06","slug":"a-d-junioren","status":"publish","type":"page","link":"https:\/\/fv-vilseck.de\/?page_id=306","title":{"rendered":"A-D Junioren"},"content":{"rendered":"<h3>Informationen<\/h3>\n<p><a href=\"http:\/\/www.jfg-obere-vils08.de\" target=\"_blank\" rel=\"noopener\"><img loading=\"lazy\" decoding=\"async\" class=\"alignright wp-image-307 size-full\" src=\"https:\/\/fv-vilseck.de\/wp-content\/uploads\/2014\/09\/logo-jfg-obere-vils-08.png\" alt=\"logo-jfg-obere-vils-08\" width=\"125\" height=\"141\" \/><\/a>In 2008 wurde die Jugendf\u00f6rdergemeinschaft Obere Vils 08 e.V. gegr\u00fcndet. In diesem Verein wurden die Jugendlichen der drei \u00f6rtlichen Fu\u00dfballvereine 1. FC Schlicht, SV Sorghof und FV 1921 Vilseck in den Altersklassen der D &#8211; bis A &#8211; Junioren (11 \u2013 18 Jahre) zusammengefasst.<\/p>\n<p>Seitdem sind noch Junioren der folgenden Altersgruppen direkt beim FV Vilseck organisiert!<\/p>\n<table style=\"width: 350px; height: auto; margin: 10px 0px 10px 0px;\">\n<tbody>\n<tr>\n<td style=\"width: 80px;\"><strong>G &#8211; Junioren <\/strong><\/td>\n<td style=\"width: 80px;\">bis 7 Jahre<\/td>\n<td style=\"width: 150px;\"><\/td>\n<\/tr>\n<tr>\n<td style=\"width: 80px;\"><strong>F &#8211; Junioren<\/strong><\/td>\n<td style=\"width: 80px;\">bis 9 Jahre<\/td>\n<td style=\"width: 150px;\"><\/td>\n<\/tr>\n<tr>\n<td style=\"width: 80px;\"><strong>E &#8211; Junioren<\/strong><\/td>\n<td style=\"width: 80px;\">bis 11 Jahre<\/td>\n<td style=\"width: 150px;\"><\/td>\n<\/tr>\n<\/tbody>\n<\/table>\n<p>&nbsp;<\/p>\n","protected":false},"excerpt":{"rendered":"<p>Informationen In 2008 wurde die Jugendf\u00f6rdergemeinschaft Obere Vils 08 e.V. gegr\u00fcndet. In diesem Verein wurden die Jugendlichen der drei \u00f6rtlichen Fu\u00dfballvereine 1. FC Schlicht, SV Sorghof und FV 1921 Vilseck in den Altersklassen der D &#8211; bis A &#8211; Junioren (11 \u2013 18 Jahre) zusammengefasst. Seitdem sind noch Junioren der folgenden Altersgruppen direkt beim FV<\/p>\n<p><a class=\"read-more\" href=\"https:\/\/fv-vilseck.de\/?page_id=306\"> Mehr lesen&#8230;<\/a><\/p>\n","protected":false},"author":1,"featured_media":0,"parent":29,"menu_order":4,"comment_status":"open","ping_status":"closed","template":"","meta":{"footnotes":""},"class_list":["post-306","page","type-page","status-publish","hentry"],"_links":{"self":[{"href":"https:\/\/fv-vilseck.de\/index.php?rest_route=\/wp\/v2\/pages\/306","targetHints":{"allow":["GET"]}}],"collection":[{"href":"https:\/\/fv-vilseck.de\/index.php?rest_route=\/wp\/v2\/pages"}],"about":[{"href":"https:\/\/fv-vilseck.de\/index.php?rest_route=\/wp\/v2\/types\/page"}],"author":[{"embeddable":true,"href":"https:\/\/fv-vilseck.de\/index.php?rest_route=\/wp\/v2\/users\/1"}],"replies":[{"embeddable":true,"href":"https:\/\/fv-vilseck.de\/index.php?rest_route=%2Fwp%2Fv2%2Fcomments&post=306"}],"version-history":[{"count":7,"href":"https:\/\/fv-vilseck.de\/index.php?rest_route=\/wp\/v2\/pages\/306\/revisions"}],"predecessor-version":[{"id":6532,"href":"https:\/\/fv-vilseck.de\/index.php?rest_route=\/wp\/v2\/pages\/306\/revisions\/6532"}],"up":[{"embeddable":true,"href":"https:\/\/fv-vilseck.de\/index.php?rest_route=\/wp\/v2\/pages\/29"}],"wp:attachment":[{"href":"https:\/\/fv-vilseck.de\/index.php?rest_route=%2Fwp%2Fv2%2Fmedia&parent=306"}],"curies":[{"name":"wp","href":"https:\/\/api.w.org\/{rel}","templated":true}]}}

<h3>Informationen</h3>
<p><a href="http://www.jfg-obere-vils08.de" target="_blank" rel="noopener"><img loading="lazy" decoding="async" class="alignright wp-image-307 size-full" src="https://fv-vilseck.de/wp-content/uploads/2014/09/logo-jfg-obere-vils-08.png" alt="logo-jfg-obere-vils-08" width="125" height="141" /></a>In 2008 wurde die Jugendfördergemeinschaft Obere Vils 08 e.V. gegründet. In diesem Verein wurden die Jugendlichen der drei örtlichen Fußballvereine 1. FC Schlicht, SV Sorghof und FV 1921 Vilseck in den Altersklassen der D &#8211; bis A &#8211; Junioren (11 – 18 Jahre) zusammengefasst.</p>
<p>Seitdem sind noch Junioren der folgenden Altersgruppen direkt beim FV Vilseck organisiert!</p>
<table style="width: 350px; height: auto; margin: 10px 0px 10px 0px;">
<tbody>
<tr>
<td style="width: 80px;"><strong>G &#8211; Junioren </strong></td>
<td style="width: 80px;">bis 7 Jahre</td>
<td style="width: 150px;"></td>
</tr>
<tr>
<td style="width: 80px;"><strong>F &#8211; Junioren</strong></td>
<td style="width: 80px;">bis 9 Jahre</td>
<td style="width: 150px;"></td>
</tr>
<tr>
<td style="width: 80px;"><strong>E &#8211; Junioren</strong></td>
<td style="width: 80px;">bis 11 Jahre</td>
<td style="width: 150px;"></td>
</tr>
</tbody>
</table>
<p>&nbsp;</p>

<p>Informationen In 2008 wurde die Jugendfördergemeinschaft Obere Vils 08 e.V. gegründet. In diesem Verein wurden die Jugendlichen der drei örtlichen Fußballvereine 1. FC Schlicht, SV Sorghof und FV 1921 Vilseck in den Altersklassen der D &#8211; bis A &#8211; Junioren (11 – 18 Jahre) zusammengefasst. Seitdem sind noch Junioren der folgenden Altersgruppen direkt beim FV</p>
<p><a class="read-more" href="https://fv-vilseck.de/?page_id=306"> Mehr lesen&#8230;</a></p>
