{"id":218,"date":"2014-09-12T11:19:39","date_gmt":"2014-09-12T09:19:39","guid":{"rendered":"https:\/\/fv-vilseck.de\/?page_id=218"},"modified":"2024-01-15T16:55:35","modified_gmt":"2024-01-15T14:55:35","slug":"skk-vilseck","status":"publish","type":"page","link":"https:\/\/fv-vilseck.de\/?page_id=218","title":{"rendered":"SKK Vilseck"},"content":{"rendered":"<div class='content-column two_third'><\/div>\n<h3>Informationen<\/h3>\n<p>Die Sparte Sportkegelklub Vilseck, kurz SKK Vilseck hat sich zum 01.01.2024 nach 63 Jahren Vereinsbestehen aufgel\u00f6st.<\/p>\n<p>Der FV Vilseck 1921 e.V. bedankt sich f\u00fcr die langj\u00e4hrige und vertrauensvolle Zusammenarbeit.<\/p>\n<p>&nbsp;<\/p>\n<p>&nbsp;<\/p>\n<p>&nbsp;<\/p>\n<p>&nbsp;<\/p>\n<p>&nbsp;<\/p>\n<p>&nbsp;<\/p>\n","protected":false},"excerpt":{"rendered":"<p>Informationen Die Sparte Sportkegelklub Vilseck, kurz SKK Vilseck hat sich zum 01.01.2024 nach 63 Jahren Vereinsbestehen aufgel\u00f6st. Der FV Vilseck 1921 e.V. bedankt sich f\u00fcr die langj\u00e4hrige und vertrauensvolle Zusammenarbeit. &nbsp; &nbsp; &nbsp; &nbsp; &nbsp; &nbsp;<\/p>\n","protected":false},"author":1,"featured_media":0,"parent":0,"menu_order":5,"comment_status":"open","ping_status":"closed","template":"about.php","meta":{"footnotes":""},"class_list":["post-218","page","type-page","status-publish","hentry"],"_links":{"self":[{"href":"https:\/\/fv-vilseck.de\/index.php?rest_route=\/wp\/v2\/pages\/218","targetHints":{"allow":["GET"]}}],"collection":[{"href":"https:\/\/fv-vilseck.de\/index.php?rest_route=\/wp\/v2\/pages"}],"about":[{"href":"https:\/\/fv-vilseck.de\/index.php?rest_route=\/wp\/v2\/types\/page"}],"author":[{"embeddable":true,"href":"https:\/\/fv-vilseck.de\/index.php?rest_route=\/wp\/v2\/users\/1"}],"replies":[{"embeddable":true,"href":"https:\/\/fv-vilseck.de\/index.php?rest_route=%2Fwp%2Fv2%2Fcomments&post=218"}],"version-history":[{"count":12,"href":"https:\/\/fv-vilseck.de\/index.php?rest_route=\/wp\/v2\/pages\/218\/revisions"}],"predecessor-version":[{"id":5851,"href":"https:\/\/fv-vilseck.de\/index.php?rest_route=\/wp\/v2\/pages\/218\/revisions\/5851"}],"wp:attachment":[{"href":"https:\/\/fv-vilseck.de\/index.php?rest_route=%2Fwp%2Fv2%2Fmedia&parent=218"}],"curies":[{"name":"wp","href":"https:\/\/api.w.org\/{rel}","templated":true}]}}